is -999a6 (base 13) in base 8?
-1037717
-379930 (base 15) to base 11
-1560238
What is -379a12 (base 11) in base 12?
-24a676
Convert -56699 (base 11) to base 14.
-21c6d
101233 (base 6) to base 14
2d37
What is -11001220220120 (base 3) in base 5?
-1023213411
Convert -10223221023 (base 4) to base 13.
-33c849
2b35c (base 13) to base 9
134270
What is -41528 (base 9) in base 15?
-81be
What is -1056571 (base 8) in base 12?
-119675
Convert 1011011101011100100 (base 2) to base 5.
44004044
What is 338242a (base 11) in base 9?
12120143
What is -43130434 (base 5) in base 3?
-200111222210
-738920 (base 10) to base 4
-2310121220
3314635 (base 12) to base 7
145505045
What is -4133112133 (base 5) in base 6?
-501534122
What is 155160 (base 13) in base 8?
2002022
Convert 695459 (base 12) to base 10.
1688901
What is -15331000 (base 7) in base 3?
-2202200010101
What is 8a23f (base 16) in base 4?
2022020333
Convert -6734316 (base 8) to base 9.
-3368136
Convert -136714 (base 9) to base 12.
-4051a
-85035 (base 12) to base 16
-2a9e9
-312376 (base 13) to base 6
-40332114
Convert 101020102201 (base 3) to base 9.
336381
What is 13220022 (base 4) in base 8?
75012
Convert -1332452 (base 6) to base 13.
-27b93
1103330304 (base 5) to base 12
97a02a
5b20a (base 15) to base 2
1000110111110010110
Convert 18005b (base 12) to base 6.
12520155
Convert -285330 (base 15) to base 6.
-105335413
2cc4b7 (base 13) to base 2
100001111100110111100
Convert -19c653 (base 13) to base 4.
-2200012230
-11000000000001111 (base 2) to base 15
-1e1e9
What is 1136241 (base 7) in base 16?
231e4
Convert 1001011001100010 (base 2) to base 10.
38498
Convert 156187 (base 13) to base 16.
80cc8
What is -645374 (base 8) in base 12?
-a4a78
629678 (base 11) to base 16
f62fa
What is d50c5 (base 14) in base 2?
1111101010100010101
59334 (base 10) to base 5
3344314
What is -f09b6 (base 16) in base 10?
-985526
-1133244550 (base 6) to base 7
-213306645
Convert -5159a (base 14) to base 15.
-3d0ca
-703663 (base 8) to base 11
-1488a6
Convert 23ad2d (base 15) to base 5.
414113333
Convert -222105452 (base 6) to base 13.
-aaa572
What is 42310120 (base 6) in base 3?
2022212211210
Convert -511131 (base 13) to base 3.
-10112220001220
What is 19a4c (base 16) in base 12?
50950
Convert -1e5ae9 (base 15) to base 16.
-16b26d
What is -40c874 (base 16) in base 11?
-243a885
53b6a (base 12) to base 11
76052
What is -3146552 (base 7) in base 9?
-641528
What is -16557558 (base 9) in base 3?
-120121221121222
What is 2253470 (base 8) in base 4?
2111130320
Convert 329893 (base 14) to base 10.
1716697
Convert -103111100 (base 4) to base 7.
-446600
What is -9259b (base 13) in base 6?
-5342520
6060066 (base 8) to base 14
2d826a
4724277 (base 9) to base 12
a32981
What is 22722 (base 11) in base 4?
20000233
Convert -100000000010001001 (base 2) to base 7.
-1054351
What is -517000 (base 11) in base 10?
-829213
What is -29370 (base 10) in base 5?
-1414440
-20310440 (base 6) to base 2
-10001110101111011000
6b4415 (base 16) to base 15
93cd71
What is -1305232 (base 6) in base 12?
-35218
Convert -14a551 (base 11) to base 12.
-b3216
Convert 21211210120200 (base 3) to base 8.
17716215
What is -b94a39 (base 13) in base 7?
-51663313
566524 (base 8) to base 7
1426160
What is 107114 (base 11) in base 6?
3353212
Convert -21112332 (base 6) to base 16.
-966e0
23616 (base 13) to base 9
107730
Convert -2234134 (base 7) to base 5.
-32340221
10100011000111111100 (base 2) to base 9
1227475
What is 1021111101211 (base 3) in base 8?
2456117
181081 (base 12) to base 9
704347
Convert 1320112022 (base 4) to base 6.
14322042
Convert 34280 (base 13) to base 5.
11014123
What is -42250141 (base 6) in base 8?
-4554315
7040161 (base 9) to base 15
4e00e7
-36725870 (base 9) to base 8
-104426366
Convert 199526 (base 10) to base 16.
30b66
Convert 183c74 (base 13) to base 2.
10010100100011101111
What is -211200012111 (base 3) in base 16?
-6cf58
Convert -36203353 (base 8) to base 15.
-a6a1a2
Convert 1000111011010100111000 (base 2) to base 13.
63c209
Convert 1b9a658 (base 12) to base 11.
3389856
2247550 (base 8) to base 10
610152
What is 767787 (base 16) in base 13?
17baac0
Convert -23410211 (base 5) to base 13.
-775bc
-a01866 (base 11) to base 14
-2ddadb
What is -1556424 (base 9) in base 14?
-186d35
What is -23033140 (base 6) in base 7?
-5662515
-689876 (base 10) to base 13
-1b2015
Convert dcab (base 14) to base 11.
26755
-15b13c (base 13) to base 7
-4401633
Convert 47450 (base 9) to base 2.
111101111100100
Convert 2d280 (base 16) to base 4.
231022000
Convert -11500544 (base 7) to base 4.
-3322113200
1325101 (base 6) to base 2
10001111111011101
Convert -230252 (base 15) to base 9.
-3126345
Convert -294437 (base 12) to base 13.
-1b2b7b
Convert -11101001111011000011 (base 2) to base 16.
-e9ec3
-2111111000101 (base 3) to base 4
-11010101320
Convert -1002122101010 (base 3) to base 12.
-2417a9
What is -7529a (base 13) in base 10?
-211377
Convert -40875 (base 13) to base 10.
-115692
561395 (base 13) to base 2
111101111110001000001
-4653a (base 14) to base 9
-280707
Convert 1066c (base 15) to base 13.
1a91c
-13036244 (base 7) to base 14
-22c25b
Convert 4542253 (base 7) to base 12.
233001
What is -3231041 (base 5) in base 13?
-1c140
Convert -260542 (base 8) to base 14.
-24d7c
Convert 1101000011110000011 (base 2) to base 8.
1503603
Convert -1707425 (base 9) to base 7.
-11035235
Convert 112464102 (base 7) to base 5.
3232003244
-cf6d4 (base 16) to base 3
-1121011110102
-6e3b4a (base 16) to base 2
-11011100011101101001010
What is -4947c0 (base 16) in base 14?
-8d0276
Convert 80270 (base 10) to base 8.
234616
44723a7 (base 11) to base 6
435542045
What is -22b8b9 (base 14) in base 8?
-4411213
-2173239 (base 11) to base 2
-1110100010011001111001
What is -110000001110010111 (base 2) in base 13?
-6bba5
Convert -1d2d (base 16) to base 12.
-43a5
-110012122200 (base 3) to base 5
-30142233
Convert -7b006 (base 13) to base 5.
-24132400
1149d (base 16) to base 11
49226
-4899 (base 13) to base 8
-24032
16044033 (base 7) to base 3
2220021002020
Convert -4525130 (base 6) to base 11.
-147251
What is -599c5 (base 13) in base 6?
-3304244
-320203510 (base 6) to base 9
-11507426
e25b6 (base 15) to base 8
2567774
-119121 (base 14) to base 8
-2226111
Convert -14057 (base 8) to base 4.
-1200233
-6541125 (base 7) to base 15
-10c049
Convert 507274 (base 10) to base 7.
4211635
Convert 160aa33 (base 11) to base 8.
12377647
134110224 (base 5) to base 2
10101000110001110010
What is -10000101011111010111111 (base 2) in base 13?
-ba1cb6
Convert -16a8620 (base 11) to base 2.
-1011000010111100111001
What is -120001222 (base 3) in base 14?
-400c
What is -ba3279 (base 12) in base 10?
-2950077
Convert 43014111 (base 5) to base 7.
3031053
2b6b4 (base 16) to base 10
177844
What is -24844 (base 16) in base 7?
-1162033
What is -1522551 (base 6) in base 13?
-31537
-10112001102221 (base 3) to base 13
-506782
-1100111010010110 (base 2) to base 10
-52886
What is 3414120 (base 5) in base 14?
180bd
What is -32001221 (base 4) in base 3?
-2220210202
What is -1876037 (base 9) in base 3?
-1222120001021
11322120303 (base 4) to base 5
344044000
What is 4cb080 (base 13) in base 16?
1c430f
Convert 2120121202210 (base 3) to base 13.
38c979
Convert -10011000011011110 (base 2) to base 13.
-296a7
Convert 151236 (base 9) to base 4.
112221222
What is 313687c (base 13) in base 7?
241042645
What is 140445 (base 14) in base 11?
433184
Convert -240104404 (base 5) to base 12.
-44b147
11100001111110001100011 (base 2) to base 16
70fc63
What is -10101010101000000110 (base 2) in base 13?
-1b6156
13033310 (base 4) to base 13
10685
Convert -55cac3 (base 13) to base 4.
-13232333123
What is 32221122 (base 4) in base 15?
12b99
Convert 3320003302 (base 4) to base 6.
33435534
2896415 (base 10) to base 4
23003020133
What is 816a78 (base 11) in base 13?
36c436
-1043203 (base 5) to base 10
-18553
Convert -28026 (base 16) to base 4.
-220000212
2224201 (base 5) to base 2
1001100110000101
12110122222202 (base 3) to base 13
7a9c42
17836 (base 16) to base 13
34ab6
16677 (base 14) to base 8
155541
Convert -11001000100111110111 (base 2) to base 4.
-3020213313
Convert 20254404 (base 6) to base 10.
582916
-342410331 (base 6) to base 11
-360264a
Convert 1360191 (base 10) to b